9
What is the greatest common factor of 86086 and 858?
286
What is the greatest common factor of 95290 and 2470?
130
Calculate the greatest common factor of 9504 and 36608.
352
Calculate the highest common factor of 348 and 276.
12
Calculate the highest common factor of 3 and 557043.
3
What is the greatest common divisor of 312 and 13624?
104
What is the highest common divisor of 4795 and 5845?
35
What is the greatest common factor of 3645084 and 356?
356
What is the greatest common factor of 2465 and 153?
17
Calculate the highest common divisor of 316 and 496.
4
What is the highest common divisor of 714 and 1302?
42
Calculate the highest common factor of 655 and 5690.
5
What is the greatest common factor of 693 and 62139?
231
What is the highest common factor of 45 and 1667385?
45
Calculate the highest common divisor of 40 and 80792.
8
What is the highest common divisor of 6438 and 36627?
87
What is the greatest common factor of 1464 and 3174?
6
Calculate the highest common divisor of 2305 and 115.
5
What is the highest common divisor of 1032 and 1677?
129
What is the highest common divisor of 5103 and 8253?
63
What is the greatest common divisor of 2120250 and 30?
30
What is the highest common divisor of 445 and 199805?
445
What is the greatest common divisor of 1155 and 120?
15
What is the greatest common divisor of 67707 and 18?
9
What is the greatest common divisor of 64049 and 19?
19
What is the greatest common factor of 3 and 1424640?
3
What is the greatest common factor of 482402 and 1426?
46
Calculate the greatest common divisor of 1054 and 2852.
62
Calculate the greatest common divisor of 46324 and 1184.
148
Calculate the greatest common factor of 7630 and 40766.
218
What is the greatest common divisor of 4836 and 64635?
93
Calculate the greatest common factor of 5225 and 297407.
209
Calculate the greatest common factor of 159542 and 723.
241
Calculate the greatest common divisor of 4050 and 80550.
450
Calculate the highest common factor of 37378 and 352.
22
What is the highest common factor of 35 and 181923?
7
Calculate the greatest common factor of 89 and 270560.
89
What is the highest common divisor of 5719 and 14147?
301
What is the highest common factor of 139215 and 15?
15
What is the highest common factor of 30 and 18030?
30
Calculate the greatest common divisor of 434181 and 99.
33
What is the greatest common factor of 121 and 14542?
11
Calculate the greatest common divisor of 434 and 238514.
62
What is the highest common factor of 159093 and 198?
99
What is the greatest common factor of 2915 and 1925?
55
Calculate the greatest common factor of 174556 and 906.
302
Calculate the greatest common divisor of 65 and 214604.
13
What is the highest common factor of 11450 and 61601?
229
Calculate the highest common divisor of 28908 and 3608.
44
Calculate the greatest common factor of 282289 and 24690.
823
Calculate the highest common divisor of 555 and 17538.
111
Calculate the highest common factor of 79 and 6639634.
79
Calculate the highest common factor of 4131 and 52479.
153
What is the highest common divisor of 1144 and 9984?
104
Calculate the highest common factor of 3702 and 2904.
6
What is the highest common factor of 26 and 108550?
26
What is the greatest common factor of 4743 and 82119?
93
What is the highest common factor of 3668 and 660502?
262
What is the greatest common factor of 1636609 and 603?
67
What is the highest common divisor of 40 and 1220?
20
What is the highest common divisor of 15894 and 297?
9
What is the highest common factor of 2516 and 2849?
37
What is the greatest common divisor of 267735 and 39?
39
What is the greatest common factor of 111 and 858141?
111
What is the greatest common divisor of 368734 and 331?
331
Calculate the greatest common factor of 9044 and 3150.
14
Calculate the highest common divisor of 225313 and 11.
11
Calculate the highest common factor of 124 and 13113.
31
Calculate the highest common divisor of 10240 and 392320.
640
What is the greatest common factor of 1449 and 10626?
483
Calculate the highest common factor of 8528500 and 25.
25
What is the greatest common factor of 11 and 715671?
11
What is the highest common factor of 185 and 215?
5
What is the greatest common divisor of 68 and 252722?
34
What is the greatest common divisor of 13916 and 224?
28
What is the highest common factor of 9615 and 135?
15
What is the greatest common divisor of 17385 and 2280?
285
Calculate the greatest common factor of 60722 and 6886.
626
Calculate the greatest common divisor of 16058 and 114142.
434
What is the greatest common divisor of 220 and 1990252?
44
Calculate the greatest common divisor of 10101 and 987.
21
Calculate the greatest common divisor of 14118 and 1014.
78
What is the highest common factor of 209 and 7961?
19
Calculate the greatest common divisor of 32 and 59144.
8
Calculate the greatest common factor of 5092 and 8626.
38
What is the highest common divisor of 480 and 285?
15
What is the greatest common factor of 10 and 47890?
10
Calculate the greatest common factor of 50626 and 7225.
17
What is the highest common divisor of 2272 and 64?
32
What is the highest common factor of 7300 and 3740?
20
Calculate the greatest common factor of 1806488 and 3774.
1258
Calculate the highest common divisor of 13186 and 2622.
38
Calculate the highest common divisor of 20536 and 204.
68
Calculate the highest common factor of 10101 and 158508.
777
What is the greatest common factor of 590092 and 116?
116
What is the greatest common divisor of 78 and 7585734?
78
Calculate the greatest common factor of 33497 and 43.
43
Calculate the highest common divisor of 236268 and 54.
18
What is the greatest common divisor of 4524 and 1039389?
1131
Calculate the greatest common divisor of 495436 and 232.
116
Calculate the greatest common divisor of 534 and 882.
6
What is the highest common factor of 136 and 12664?
8
Calculate the highest common divisor of 814142 and 14.
14
Calculate the greatest common factor of 33631 and 169.
169
Calculate the highest common factor of 26 and 1702.
2
Calculate the highest common divisor of 138672 and 2832.
48
What is the highest common factor of 81 and 54837?
81
What is the greatest common divisor of 1631 and 23999?
233
Calculate the greatest common factor of 1918 and 91.
7
Calculate the highest common divisor of 6 and 194880.
6
What is the highest common divisor of 493119 and 11?
11
What is the greatest common divisor of 192 and 6908736?
192
What is the greatest common divisor of 3416 and 1414?
14
What is the greatest common divisor of 3763 and 1325?
53
Calculate the greatest common factor of 690 and 31710.
30
What is the highest common factor of 14875506 and 774?
774
Calculate the highest common factor of 73 and 414859.
73
Calculate the highest common factor of 53482 and 5202.
34
What is the greatest common factor of 28673 and 14257?
53
Calculate the highest common factor of 319 and 39919.
11
What is the highest common factor of 21571 and 159?
53
Calculate the greatest common divisor of 530882 and 55.
11
Calculate the greatest common factor of 44 and 133925.
11
Calculate the greatest common factor of 429130 and 10.
10
What is the highest common divisor of 30992 and 312?
104
Calculate the highest common divisor of 444 and 1212.
12
Calculate the greatest common divisor of 59 and 144255.
59
Calculate the greatest common divisor of 358 and 6315657.
179
What is the greatest common factor of 21 and 7407?
3
Calculate the highest common divisor of 840 and 921480.
840
Calculate the highest common factor of 23 and 1517241.
23
Calculate the greatest common factor of 139048 and 832.
104
What is the highest common divisor of 75 and 549075?
75
Calculate the greatest common factor of 99 and 2653299.
99
Calculate the highest common divisor of 34178 and 322.
46
What is the greatest common divisor of 105030 and 5130?
270
What is the greatest common factor of 19890 and 8865?
45
What is the greatest common divisor of 429182 and 442?
442
Calculate the highest common factor of 50501 and 121.
11
Calculate the greatest common divisor of 108 and 28701.
27
Calculate the greatest common divisor of 14994 and 442.
34
What is the greatest common divisor of 2292 and 34?
2
Calculate the highest common